{"version":"1.0","provider_name":"Horizonte","provider_url":"http:\/\/www.radiohorizonte.fm\/radio","author_name":"Cristian Galarza","author_url":"http:\/\/www.radiohorizonte.fm\/radio\/author\/cristian\/","title":"Le balearon el auto cuando iba a trabajar - Horizonte","type":"rich","width":600,"height":338,"html":"<blockquote class=\"wp-embedded-content\" data-secret=\"sXdwbyHEkX\"><a href=\"http:\/\/www.radiohorizonte.fm\/radio\/2023\/07\/31\/le-balearon-el-auto-cuando-iba-trabajar\/\">Le balearon el auto cuando iba a trabajar<\/a><\/blockquote><iframe sandbox=\"allow-scripts\" security=\"restricted\" src=\"http:\/\/www.radiohorizonte.fm\/radio\/2023\/07\/31\/le-balearon-el-auto-cuando-iba-trabajar\/embed\/#?secret=sXdwbyHEkX\" width=\"600\" height=\"338\" title=\"&#8220;Le balearon el auto cuando iba a trabajar&#8221; &#8212; Horizonte\" data-secret=\"sXdwbyHEkX\" frameborder=\"0\" marginwidth=\"0\" marginheight=\"0\" scrolling=\"no\" class=\"wp-embedded-content\"><\/iframe><script>\n\/*! This file is auto-generated *\/\n!function(d,l){\"use strict\";l.querySelector&&d.addEventListener&&\"undefined\"!=typeof URL&&(d.wp=d.wp||{},d.wp.receiveEmbedMessage||(d.wp.receiveEmbedMessage=function(e){var t=e.data;if((t||t.secret||t.message||t.value)&&!\/[^a-zA-Z0-9]\/.test(t.secret)){for(var s,r,n,a=l.querySelectorAll('iframe[data-secret=\"'+t.secret+'\"]'),o=l.querySelectorAll('blockquote[data-secret=\"'+t.secret+'\"]'),c=new RegExp(\"^https?:$\",\"i\"),i=0;i<o.length;i++)o[i].style.display=\"none\";for(i=0;i<a.length;i++)s=a[i],e.source===s.contentWindow&&(s.removeAttribute(\"style\"),\"height\"===t.message?(1e3<(r=parseInt(t.value,10))?r=1e3:~~r<200&&(r=200),s.height=r):\"link\"===t.message&&(r=new URL(s.getAttribute(\"src\")),n=new URL(t.value),c.test(n.protocol))&&n.host===r.host&&l.activeElement===s&&(d.top.location.href=t.value))}},d.addEventListener(\"message\",d.wp.receiveEmbedMessage,!1),l.addEventListener(\"DOMContentLoaded\",function(){for(var e,t,s=l.querySelectorAll(\"iframe.wp-embedded-content\"),r=0;r<s.length;r++)(t=(e=s[r]).getAttribute(\"data-secret\"))||(t=Math.random().toString(36).substring(2,12),e.src+=\"#?secret=\"+t,e.setAttribute(\"data-secret\",t)),e.contentWindow.postMessage({message:\"ready\",secret:t},\"*\")},!1)))}(window,document);\n\/\/# sourceURL=http:\/\/www.radiohorizonte.fm\/radio\/wp-includes\/js\/wp-embed.min.js\n<\/script>\n","thumbnail_url":"http:\/\/www.radiohorizonte.fm\/radio\/wp-content\/uploads\/2023\/07\/1311310w762h418c.jpg.jpg","thumbnail_width":762,"thumbnail_height":418,"description":"El tiro fue a corta distancia y de grueso calibre, entr\u00f3 por la venta del conductor y sali\u00f3 por el lado derecho. No hizo denuncia, por el descr\u00e9dito que le genera la acci\u00f3n judicial contra los agresores. Un hombre sali\u00f3 ileso de milagro en la madrugada de ayer, luego de sufrir un violento ataque a"}

El tiro fue a corta distancia y de grueso calibre, entró por la venta del conductor y salió por el lado derecho. No hizo denuncia, por el descrédito que le genera la acción judicial contra los agresores. Un hombre salió ileso de milagro en la madrugada de ayer, luego de sufrir un violento ataque a
