{"version":"1.0","provider_name":"Horizonte","provider_url":"https:\/\/www.radiohorizonte.fm\/radio","title":"El Cuarto Soda llega a Corrientes - Horizonte","type":"rich","width":600,"height":338,"html":"<blockquote class=\"wp-embedded-content\" data-secret=\"vVWkJ4fSRj\"><a href=\"https:\/\/www.radiohorizonte.fm\/radio\/2026\/04\/27\/el-cuarto-soda-llega-a-corrientes\/\">El Cuarto Soda llega a Corrientes<\/a><\/blockquote><iframe sandbox=\"allow-scripts\" security=\"restricted\" src=\"https:\/\/www.radiohorizonte.fm\/radio\/2026\/04\/27\/el-cuarto-soda-llega-a-corrientes\/embed\/#?secret=vVWkJ4fSRj\" width=\"600\" height=\"338\" title=\"&#8220;El Cuarto Soda llega a Corrientes&#8221; &#8212; Horizonte\" data-secret=\"vVWkJ4fSRj\" frameborder=\"0\" marginwidth=\"0\" marginheight=\"0\" scrolling=\"no\" class=\"wp-embedded-content\"><\/iframe><script>\n\/*! This file is auto-generated *\/\n!function(d,l){\"use strict\";l.querySelector&&d.addEventListener&&\"undefined\"!=typeof URL&&(d.wp=d.wp||{},d.wp.receiveEmbedMessage||(d.wp.receiveEmbedMessage=function(e){var t=e.data;if((t||t.secret||t.message||t.value)&&!\/[^a-zA-Z0-9]\/.test(t.secret)){for(var s,r,n,a=l.querySelectorAll('iframe[data-secret=\"'+t.secret+'\"]'),o=l.querySelectorAll('blockquote[data-secret=\"'+t.secret+'\"]'),c=new RegExp(\"^https?:$\",\"i\"),i=0;i<o.length;i++)o[i].style.display=\"none\";for(i=0;i<a.length;i++)s=a[i],e.source===s.contentWindow&&(s.removeAttribute(\"style\"),\"height\"===t.message?(1e3<(r=parseInt(t.value,10))?r=1e3:~~r<200&&(r=200),s.height=r):\"link\"===t.message&&(r=new URL(s.getAttribute(\"src\")),n=new URL(t.value),c.test(n.protocol))&&n.host===r.host&&l.activeElement===s&&(d.top.location.href=t.value))}},d.addEventListener(\"message\",d.wp.receiveEmbedMessage,!1),l.addEventListener(\"DOMContentLoaded\",function(){for(var e,t,s=l.querySelectorAll(\"iframe.wp-embedded-content\"),r=0;r<s.length;r++)(t=(e=s[r]).getAttribute(\"data-secret\"))||(t=Math.random().toString(36).substring(2,12),e.src+=\"#?secret=\"+t,e.setAttribute(\"data-secret\",t)),e.contentWindow.postMessage({message:\"ready\",secret:t},\"*\")},!1)))}(window,document);\n\/\/# sourceURL=https:\/\/www.radiohorizonte.fm\/radio\/wp-includes\/js\/wp-embed.min.js\n<\/script>\n","thumbnail_url":"https:\/\/www.radiohorizonte.fm\/radio\/wp-content\/uploads\/2026\/04\/El-Cuarto-Soda-llega-a-Corrientes-scaled.jpg","thumbnail_width":2560,"thumbnail_height":2048,"description":"La banda de rock homenaje a Soda Stereo se presentar\u00e1 en Corrientes con un show imperdible en el emblem\u00e1tico Teatro Oficial Juan de Vera, el pr\u00f3ximo domingo 3 de mayo a las 20 horas El Cuarto Soda vuelve a Corrientes a pedido del p\u00fablico, en el marco de su gira &#8220;Me Ver\u00e1s Volver Tour&#8221;, el"}

La banda de rock homenaje a Soda Stereo se presentará en Corrientes con un show imperdible en el emblemático Teatro Oficial Juan de Vera, el próximo domingo 3 de mayo a las 20 horas El Cuarto Soda vuelve a Corrientes a pedido del público, en el marco de su gira &#8220;Me Verás Volver Tour&#8221;, el
